 is the tens digit of 6760?
6
What is the hundreds digit of 5376514?
5
What is the hundred thousands digit of 1372280?
3
What is the hundreds digit of 1506924?
9
What is the hundred thousands digit of 382532?
3
What is the hundred thousands digit of 779168?
7
What is the units digit of 171205?
5
What is the thousands digit of 569739?
9
What is the hundreds digit of 515919?
9
What is the tens digit of 133341?
4
What is the thousands digit of 20461664?
1
What is the tens digit of 4206?
0
What is the units digit of 29281910?
0
What is the units digit of 287785?
5
What is the millions digit of 25937879?
5
What is the units digit of 581696?
6
What is the thousands digit of 736365?
6
What is the hundred thousands digit of 23292740?
2
What is the hundreds digit of 3217741?
7
What is the units digit of 13923500?
0
What is the ten thousands digit of 12072205?
7
What is the thousands digit of 573189?
3
What is the ten thousands digit of 33434?
3
What is the hundreds digit of 6716635?
6
What is the ten thousands digit of 3308229?
0
What is the tens digit of 6102516?
1
What is the units digit of 139576?
6
What is the units digit of 188034?
4
What is the hundreds digit of 9242079?
0
What is the ten thousands digit of 6528442?
2
What is the ten thousands digit of 127008?
2
What is the hundreds digit of 74315?
3
What is the hundred thousands digit of 175023?
1
What is the ten thousands digit of 318453?
1
What is the thousands digit of 533470?
3
What is the units digit of 273591?
1
What is the tens digit of 362760?
6
What is the tens digit of 213182?
8
What is the ten thousands digit of 94723?
9
What is the thousands digit of 291406?
1
What is the millions digit of 2577711?
2
What is the hundreds digit of 143276?
2
What is the hundred thousands digit of 3932899?
9
What is the tens digit of 8518652?
5
What is the millions digit of 23328707?
3
What is the ten thousands digit of 192068?
9
What is the hundreds digit of 219566?
5
What is the thousands digit of 30438890?
8
What is the millions digit of 17952540?
7
What is the hundred thousands digit of 199469?
1
What is the units digit of 1196779?
9
What is the hundreds digit of 3907543?
5
What is the ten thousands digit of 857137?
5
What is the hundreds digit of 2401156?
1
What is the thousands digit of 10932233?
2
What is the units digit of 279485?
5
What is the hundred thousands digit of 550840?
5
What is the hundred thousands digit of 23866726?
8
What is the hundred thousands digit of 3533271?
5
What is the ten millions digit of 13945141?
1
What is the ten thousands digit of 452695?
5
What is the ten thousands digit of 998172?
9
What is the units digit of 4795047?
7
What is the tens digit of 13702136?
3
What is the tens digit of 17650555?
5
What is the thousands digit of 228001?
8
What is the hundred thousands digit of 545546?
5
What is the units digit of 353699?
9
What is the thousands digit of 1078314?
8
What is the tens digit of 7460123?
2
What is the ten millions digit of 15952135?
1
What is the units digit of 162396?
6
What is the units digit of 748793?
3
What is the hundreds digit of 777043?
0
What is the ten thousands digit of 24631?
2
What is the units digit of 107939?
9
What is the thousands digit of 1036819?
6
What is the ten millions digit of 16352019?
1
What is the tens digit of 7430110?
1
What is the units digit of 53057?
7
What is the tens digit of 875036?
3
What is the ten thousands digit of 396802?
9
What is the millions digit of 2106528?
2
What is the thousands digit of 4790348?
0
What is the ten thousands digit of 3424197?
2
What is the hundred thousands digit of 1626851?
6
What is the ten thousands digit of 4233363?
3
What is the units digit of 2703635?
5
What is the units digit of 21155451?
1
What is the ten thousands digit of 4023797?
2
What is the hundred thousands digit of 3218179?
2
What is the ten thousands digit of 21742815?
4
What is the tens digit of 2709680?
8
What is the units digit of 203013?
3
What is the millions digit of 1422684?
1
What is the hundred thousands digit of 6654193?
6
What is the tens digit of 13011789?
8
What is the millions digit of 25750485?
5
What is the units digit of 23368614?
4
What is the units digit of 148821?
1
What is the hundreds digit of 559646?
6
What is the tens digit of 5322918?
1
What is the units digit of 651340?
0
What is the thousands digit of 223777?
3
What is the thousands digit of 3834520?
4
What is the hundred thousands digit of 6233300?
2
What is the tens digit of 367059?
5
What is the millions digit of 2734723?
2
What is the tens digit of 1182937?
3
What is the hundred thousands digit of 486990?
4
What is the ten thousands digit of 260345?
6
What is the ten thousands digit of 1930461?
3
What is the units digit of 5097934?
4
What is the hundred thousands digit of 101531?
1
What is the tens digit of 360895?
9
What is the ten thousands digit of 1590923?
9
What is the hundreds digit of 1767911?
9
What is the millions digit of 27043033?
7
What is the thousands digit of 10852114?
2
What is the millions digit of 1068026?
1
What is the ten thousands digit of 54288?
5
What is the units digit of 15997736?
6
What is the thousands digit of 2182095?
2
What is the hundred thousands digit of 13530816?
5
What is the hundred thousands digit of 115993?
1
What is the units digit of 1965450?
0
What is the ten thousands digit of 467706?
6
What is the tens digit of 165670?
7
What is the thousands digit of 10610141?
0
What is the tens digit of 2381065?
6
What is the units digit of 358311?
1
What is the tens digit of 5575?
7
What is the hundred thousands digit of 254375?
2
What is the tens digit of 16089?
8
What is the thousands digit of 263844?
3
What is the hundred thousands digit of 123895?
1
What is the units digit of 323629?
9
What is the units digit of 411074?
4
What is the ten thousands digit of 347273?
4
What is the ten thousands digit of 32681347?
8
What is the hundreds digit of 20012756?
7
What is the tens digit of 957006?
0
What is the millions digit of 18747620?
8
What is the units digit of 5348061?
1
What is the tens digit of 229279?
7
What is the millions digit of 15538803?
5
What is the thousands digit of 2800038?
0
What is the millions digit of 2403227?
2
What is the millions digit of 3924412?
3
What is the thousands digit of 6330389?
0
What is the ten thousands digit of 1146183?
4
What is the units digit of 4941140?
0
What is the tens digit of 7263102?
0
What is the tens digit of 289406?
0
What is the thousands digit of 38883294?
3
What is the thousands digit of 736746?
6
What is the hundreds digit of 3431320?
3
What is the hundred thousands digit of 2570603?
5
What is the thousands digit of 398259?
8
What is the tens digit of 94403?
0
What is the thousands digit of 23466956?
6
What is the hundreds digit of 28775713?
7
What is the units digit of 3401716?
6
What is the units digit of 246778?
8
What is the units digit of 751030?
0
What is the hundred thousands digit of 170512?
1
What is the units digit of 1124546?
6
What is the tens digit of 263476?
7
What is the thousands digit of 1470947?
0
What is the millions digit of 1478832?
1
What is the thousands digit of 12228419?
8
What is the units digit of 591719?
9
What is the hundreds digit of 217521?
5
What is the thousands digit of 493082?
3
What is the millions digit of 1861410?
1
What is the hundred thousands digit of 259609?
2
What is the ten thousands digit of 79238?
7
What is the thousands digit of 622317?
2
What is the ten thousands digit of 5267481?
6
What is the ten thousands digit of 34866?
3
What is the hundreds digit of 1663042?
0
What is the thousands digit of 86626?
6
What is the hundreds digit of 1341743?
7
What is the hundreds digit of 315036?
0
What is the units digit of 234?
4
What is the hundred thousands digit of 1499481?
4
What is the hundreds digit of 1435296?
2
What is the units digit of 1588570?
0
What is the thousands digit of 618401?
8
What is the ten thousands digit of 612482?
1
What is the millions digit of 1276495?
1
What is the ten millions digit of 22343017?
2
What is the hundred thousands digit of 226877?
2
What is the ten millions digit of 10772511?
1
What is the ten thousands digit of 3952279?
5
What is the units digit of 4384369?
9
What is the thousands digit o